{"id":640,"date":"2022-01-25T15:58:48","date_gmt":"2022-01-25T15:58:48","guid":{"rendered":"https:\/\/os-cavtat-zrcalo.net\/?page_id=640"},"modified":"2022-05-11T10:46:49","modified_gmt":"2022-05-11T10:46:49","slug":"skolska-skatulica","status":"publish","type":"page","link":"https:\/\/os-cavtat-zrcalo.net\/index.php\/skolska-skatulica\/","title":{"rendered":"\u0160kolska \u0161katulica"},"content":{"rendered":"\n<p class=\"has-text-align-center has-text-color has-medium-font-size\" style=\"color:#460e7b;font-style:italic;font-weight:600\">Unutar \u0161kolske \u0161katulice \u0107ete prona\u0107i brojne druge rubrike poput Novitate &#8211; rubrike u kojoj \u0107emo vas obavje\u0161tavati o najnovijim vijesti iz \u017eivota \u0161kole. Tu je rubrika Kultura i ba\u0161tina, zatim Iz knji\u017enice koje govore same za sebe. Pedagokutak \u0107e nam otkrivati novosti iz svijeta pedagogije, odnosno stru\u010dno-razvojne slu\u017ebe. Na kraju liste \u0107ete prona\u0107i rubriku \u0160kolski kreativci koja u sebi krije jo\u0161 nekoliko rubrika poput Literarne \u0161katulice, Likovnjaka, Video svijet i sl. U\u0111ite u na\u0161u \u0161katulicu i dopustite da vas iznenadimo \u0161arenilom na\u0161eg svijeta, va\u0161e \u0161kole&#8230;<\/p>\n","protected":false},"excerpt":{"rendered":"<p>Unutar \u0161kolske \u0161katulice \u0107ete prona\u0107i brojne druge rubrike poput Novitate &#8211; rubrike u kojoj \u0107emo vas obavje\u0161tavati o najnovijim vijesti iz \u017eivota \u0161kole. Tu je [&hellip;]<\/p>\n","protected":false},"author":1,"featured_media":0,"parent":0,"menu_order":0,"comment_status":"closed","ping_status":"closed","template":"","meta":{"footnotes":""},"class_list":["post-640","page","type-page","status-publish","hentry"],"_links":{"self":[{"href":"https:\/\/os-cavtat-zrcalo.net\/index.php\/wp-json\/wp\/v2\/pages\/640","targetHints":{"allow":["GET"]}}],"collection":[{"href":"https:\/\/os-cavtat-zrcalo.net\/index.php\/wp-json\/wp\/v2\/pages"}],"about":[{"href":"https:\/\/os-cavtat-zrcalo.net\/index.php\/wp-json\/wp\/v2\/types\/page"}],"author":[{"embeddable":true,"href":"https:\/\/os-cavtat-zrcalo.net\/index.php\/wp-json\/wp\/v2\/users\/1"}],"replies":[{"embeddable":true,"href":"https:\/\/os-cavtat-zrcalo.net\/index.php\/wp-json\/wp\/v2\/comments?post=640"}],"version-history":[{"count":3,"href":"https:\/\/os-cavtat-zrcalo.net\/index.php\/wp-json\/wp\/v2\/pages\/640\/revisions"}],"predecessor-version":[{"id":1363,"href":"https:\/\/os-cavtat-zrcalo.net\/index.php\/wp-json\/wp\/v2\/pages\/640\/revisions\/1363"}],"wp:attachment":[{"href":"https:\/\/os-cavtat-zrcalo.net\/index.php\/wp-json\/wp\/v2\/media?parent=640"}],"curies":[{"name":"wp","href":"https:\/\/api.w.org\/{rel}","templated":true}]}}